{"id":1975,"date":"2024-11-07T21:19:37","date_gmt":"2024-11-08T00:19:37","guid":{"rendered":"https:\/\/lizarragayorso.com.ar\/?page_id=1975"},"modified":"2024-11-15T16:09:02","modified_gmt":"2024-11-15T19:09:02","slug":"actitud","status":"publish","type":"page","link":"https:\/\/lizarragayorso.com.ar\/index.php\/actitud\/","title":{"rendered":"Actitud"},"content":{"rendered":"\n<div class=\"wp-block-query is-layout-flow wp-block-query-is-layout-flow\"><ul class=\"wp-block-post-template is-layout-flow wp-block-post-template-is-layout-flow\"><li class=\"wp-block-post post-2062 post type-post status-publish format-standard has-post-thumbnail hentry category-uncategorized tag-actitud entry\">\n<h2 class=\"wp-block-post-title\"><a href=\"https:\/\/lizarragayorso.com.ar\/index.php\/2024\/11\/15\/energia-solar-un-complemento-de-inversion-y-ahorro\/\" target=\"_self\" >Energ\u00eda Solar: Un complemento de inversi\u00f3n y ahorro<\/a><\/h2>\n\n<figure class=\"alignwide wp-block-post-featured-image\"><a href=\"https:\/\/lizarragayorso.com.ar\/index.php\/2024\/11\/15\/energia-solar-un-complemento-de-inversion-y-ahorro\/\" target=\"_self\"  ><img loading=\"lazy\" decoding=\"async\" width=\"716\" height=\"400\" src=\"https:\/\/lizarragayorso.com.ar\/wp-content\/uploads\/2024\/11\/image.png\" class=\"attachment-post-thumbnail size-post-thumbnail wp-post-image\" alt=\"Energ\u00eda Solar: Un complemento de inversi\u00f3n y ahorro\" style=\"width:100%;height:55.87%;max-width:716px;object-fit:cover;\" srcset=\"https:\/\/lizarragayorso.com.ar\/wp-content\/uploads\/2024\/11\/image.png 716w, https:\/\/lizarragayorso.com.ar\/wp-content\/uploads\/2024\/11\/image-300x168.png 300w\" sizes=\"(max-width: 716px) 100vw, 716px\" \/><\/a><\/figure>\n\n<div class=\"wp-block-post-excerpt\"><p class=\"wp-block-post-excerpt__excerpt\">Contenido: \u00a1Descubre la independencia energ\u00e9tica! Te ofrecemos soluciones integrales en energ\u00eda solar. Desde la instalaci\u00f3n de paneles solares hasta la venta de equipos de \u00faltima generaci\u00f3n, te acompa\u00f1amos en todo el proceso para que puedas disfrutar de los beneficios de la energ\u00eda limpia y renovable. Nuestros servicios incluyen: \u00bfPor qu\u00e9 elegir la energ\u00eda solar? Aplicaciones&hellip;&hellip; <\/p><\/div>\n\n\n<hr class=\"wp-block-separator has-css-opacity\"\/>\n\n<\/li><li class=\"wp-block-post post-2057 post type-post status-publish format-standard has-post-thumbnail hentry category-uncategorized tag-actitud entry\">\n<h2 class=\"wp-block-post-title\"><a href=\"https:\/\/lizarragayorso.com.ar\/index.php\/2024\/11\/15\/no-te-quedes-a-oscuras-alquila-tu-generador-trifasico-y-garantiza-la-continuidad-de-tu-negocio\/\" target=\"_self\" >\u00a1No te quedes a oscuras! Alquila tu generador trif\u00e1sico y garantiza la continuidad de tu negocio.<\/a><\/h2>\n\n<figure class=\"alignwide wp-block-post-featured-image\"><a href=\"https:\/\/lizarragayorso.com.ar\/index.php\/2024\/11\/15\/no-te-quedes-a-oscuras-alquila-tu-generador-trifasico-y-garantiza-la-continuidad-de-tu-negocio\/\" target=\"_self\"  ><img loading=\"lazy\" decoding=\"async\" width=\"1391\" height=\"765\" src=\"https:\/\/lizarragayorso.com.ar\/wp-content\/uploads\/2024\/11\/imagen_2024-11-15_155818996.png\" class=\"attachment-post-thumbnail size-post-thumbnail wp-post-image\" alt=\"\u00a1No te quedes a oscuras! Alquila tu generador trif\u00e1sico y garantiza la continuidad de tu negocio.\" style=\"width:100%;height:55%;max-width:1391px;object-fit:cover;\" srcset=\"https:\/\/lizarragayorso.com.ar\/wp-content\/uploads\/2024\/11\/imagen_2024-11-15_155818996.png 1391w, https:\/\/lizarragayorso.com.ar\/wp-content\/uploads\/2024\/11\/imagen_2024-11-15_155818996-300x165.png 300w, https:\/\/lizarragayorso.com.ar\/wp-content\/uploads\/2024\/11\/imagen_2024-11-15_155818996-1024x563.png 1024w, https:\/\/lizarragayorso.com.ar\/wp-content\/uploads\/2024\/11\/imagen_2024-11-15_155818996-768x422.png 768w\" sizes=\"(max-width: 1391px) 100vw, 1391px\" \/><\/a><\/figure>\n\n<div class=\"wp-block-post-excerpt\"><p class=\"wp-block-post-excerpt__excerpt\">\u00bfCansado de los constantes cortes de luz que afectan tu productividad? Te ofrecemos la soluci\u00f3n perfecta: alquiler de generadores el\u00e9ctricos trif\u00e1sicos de alta calidad. Con nuestros generadores, podr\u00e1s mantener tus operaciones en marcha incluso en situaciones de emergencia. Beneficios del servicio: \u00bfPor qu\u00e9 elegirnos? \u00bfC\u00f3mo alquilar un generador? \u00a1No esperes m\u00e1s para proteger tu negocio!&hellip;&hellip; <\/p><\/div>\n\n\n<hr class=\"wp-block-separator has-css-opacity\"\/>\n\n<\/li><\/ul><\/div>\n","protected":false},"excerpt":{"rendered":"","protected":false},"author":1,"featured_media":0,"parent":0,"menu_order":0,"comment_status":"closed","ping_status":"closed","template":"","meta":{"footnotes":""},"class_list":["post-1975","page","type-page","status-publish","hentry","entry"],"aioseo_notices":[],"_links":{"self":[{"href":"https:\/\/lizarragayorso.com.ar\/index.php\/wp-json\/wp\/v2\/pages\/1975"}],"collection":[{"href":"https:\/\/lizarragayorso.com.ar\/index.php\/wp-json\/wp\/v2\/pages"}],"about":[{"href":"https:\/\/lizarragayorso.com.ar\/index.php\/wp-json\/wp\/v2\/types\/page"}],"author":[{"embeddable":true,"href":"https:\/\/lizarragayorso.com.ar\/index.php\/wp-json\/wp\/v2\/users\/1"}],"replies":[{"embeddable":true,"href":"https:\/\/lizarragayorso.com.ar\/index.php\/wp-json\/wp\/v2\/comments?post=1975"}],"version-history":[{"count":2,"href":"https:\/\/lizarragayorso.com.ar\/index.php\/wp-json\/wp\/v2\/pages\/1975\/revisions"}],"predecessor-version":[{"id":2068,"href":"https:\/\/lizarragayorso.com.ar\/index.php\/wp-json\/wp\/v2\/pages\/1975\/revisions\/2068"}],"wp:attachment":[{"href":"https:\/\/lizarragayorso.com.ar\/index.php\/wp-json\/wp\/v2\/media?parent=1975"}],"curies":[{"name":"wp","href":"https:\/\/api.w.org\/{rel}","templated":true}]}}